{"id":1396,"date":"2021-06-30T11:20:25","date_gmt":"2021-06-30T09:20:25","guid":{"rendered":"http:\/\/www.lescheminsdemusique.org\/?page_id=1396"},"modified":"2021-06-30T11:22:27","modified_gmt":"2021-06-30T09:22:27","slug":"28-juin-2021-r-2","status":"publish","type":"page","link":"https:\/\/lescheminsdemusique.fr\/index.php\/28-juin-2021-r-2\/","title":{"rendered":"28 juin 2021 &#8211; R"},"content":{"rendered":"\n<p style=\"font-size:23px\"><strong>CUM JUBILO\u2026 \u00ab\u00a0AQUITANICA MUSICA\u00a0<\/strong><\/p>\n\n\n\n<p class=\"has-medium-font-size\"><strong> Magnifique et jubilatoire\u00a0! <\/strong><\/p>\n\n\n\n<figure class=\"wp-block-image size-large\"><img loading=\"lazy\" decoding=\"async\" width=\"1024\" height=\"721\" src=\"http:\/\/lescheminsdemusique.fr\/wp-content\/uploads\/2021\/06\/P1360082-1024x721.jpg\" alt=\"\" class=\"wp-image-1404\" srcset=\"https:\/\/lescheminsdemusique.fr\/wp-content\/uploads\/2021\/06\/P1360082-1024x721.jpg 1024w, https:\/\/lescheminsdemusique.fr\/wp-content\/uploads\/2021\/06\/P1360082-300x211.jpg 300w, https:\/\/lescheminsdemusique.fr\/wp-content\/uploads\/2021\/06\/P1360082-768x541.jpg 768w, https:\/\/lescheminsdemusique.fr\/wp-content\/uploads\/2021\/06\/P1360082.jpg 1280w\" sizes=\"auto, (max-width: 1024px) 100vw, 1024px\" \/><\/figure>\n\n\n\n<p class=\"has-medium-font-size\">Ce lundi 28 juin,  un concert d\u2019une grande et belle originalit\u00e9, devant un large public enthousiasm\u00e9 par la remarquable qualit\u00e9 de cet ensemble.<\/p>\n\n\n\n<p class=\"has-medium-font-size\">Un programme d\u2019\u0153uvres \u00ab\u00a0\u00e0 voix nues\u00a0\u00bb, largement consacr\u00e9 \u00e0 ces compositeurs m\u00e9di\u00e9vaux, dont certains issus de l\u2019\u00e9cole de St Martial de LIMOGES. Chansons en langues occitanes, certaines retranscrites depuis le Br\u00e9viaire de Saintes, le Manuscrit de Cadouin, ou le Graduel de Bayonne\u2026 Ces manuscrits offrent un large \u00e9ventail de sonorit\u00e9s d\u2019une surprenante modernit\u00e9, superbement mises en valeur par les cinq voix de ce talentueux ensemble\u00a0!<\/p>\n\n\n\n<p class=\"has-medium-font-size\">Ovations amplement m\u00e9rit\u00e9es pour Carole Matras (soprano\/harpe), Sarah Richards (soprano), Laurence Esquieu (mezzo), Catherine Ravenne (contralto), et C\u00e9cile C\u00f4te (soprano).<\/p>\n\n\n\n<p class=\"has-medium-font-size\">Pour clore cette\nann\u00e9e malheureusement trop t\u00f4t \u00e9court\u00e9e et rogn\u00e9e par un virus impr\u00e9visible, un\ndernier rendez-vous musical, \u00ab&nbsp;\u00e0 guichet ferm\u00e9&nbsp;\u00bb, qui a litt\u00e9ralement\nenchant\u00e9 les habitu\u00e9s du Temple comme les nouveaux spectateurs, dans le cadre\ndu \u00ab&nbsp;mois Moli\u00e8re&nbsp;\u00bb.<\/p>\n\n\n\n<p class=\"has-medium-font-size\">Souhaitons que\nl\u2019automne nous offre \u00e0 nouveau ces rendez-vous tant appr\u00e9ci\u00e9s d\u2019un large\npublic, sans restriction ni contrainte\u2026<\/p>\n","protected":false},"excerpt":{"rendered":"<p>CUM JUBILO\u2026 \u00ab\u00a0AQUITANICA MUSICA\u00a0 Magnifique et jubilatoire\u00a0! Ce lundi 28 juin, un concert d\u2019une grande et belle originalit\u00e9, devant un large public enthousiasm\u00e9 par la remarquable qualit\u00e9 de cet ensemble. Un programme d\u2019\u0153uvres \u00ab\u00a0\u00e0 voix nues\u00a0\u00bb, largement consacr\u00e9 \u00e0 ces &hellip; <a href=\"https:\/\/lescheminsdemusique.fr\/index.php\/28-juin-2021-r-2\/\">Continuer la lecture <span class=\"meta-nav\">&rarr;<\/span><\/a><\/p>\n","protected":false},"author":4,"featured_media":0,"parent":0,"menu_order":0,"comment_status":"closed","ping_status":"closed","template":"","meta":{"footnotes":""},"class_list":["post-1396","page","type-page","status-publish","hentry"],"_links":{"self":[{"href":"https:\/\/lescheminsdemusique.fr\/index.php\/wp-json\/wp\/v2\/pages\/1396","targetHints":{"allow":["GET"]}}],"collection":[{"href":"https:\/\/lescheminsdemusique.fr\/index.php\/wp-json\/wp\/v2\/pages"}],"about":[{"href":"https:\/\/lescheminsdemusique.fr\/index.php\/wp-json\/wp\/v2\/types\/page"}],"author":[{"embeddable":true,"href":"https:\/\/lescheminsdemusique.fr\/index.php\/wp-json\/wp\/v2\/users\/4"}],"replies":[{"embeddable":true,"href":"https:\/\/lescheminsdemusique.fr\/index.php\/wp-json\/wp\/v2\/comments?post=1396"}],"version-history":[{"count":3,"href":"https:\/\/lescheminsdemusique.fr\/index.php\/wp-json\/wp\/v2\/pages\/1396\/revisions"}],"predecessor-version":[{"id":1419,"href":"https:\/\/lescheminsdemusique.fr\/index.php\/wp-json\/wp\/v2\/pages\/1396\/revisions\/1419"}],"wp:attachment":[{"href":"https:\/\/lescheminsdemusique.fr\/index.php\/wp-json\/wp\/v2\/media?parent=1396"}],"curies":[{"name":"wp","href":"https:\/\/api.w.org\/{rel}","templated":true}]}}