{"id":2216,"date":"2022-04-12T17:54:35","date_gmt":"2022-04-12T15:54:35","guid":{"rendered":"http:\/\/www.lescheminsdemusique.org\/?page_id=2216"},"modified":"2025-05-02T20:48:27","modified_gmt":"2025-05-02T18:48:27","slug":"cr-11-avril","status":"publish","type":"page","link":"https:\/\/lescheminsdemusique.fr\/index.php\/cr-11-avril\/","title":{"rendered":"11 avril 2022 &#8211; R"},"content":{"rendered":"\n<div class=\"wp-block-media-text alignwide\"><figure class=\"wp-block-media-text__media\"><img loading=\"lazy\" decoding=\"async\" width=\"1024\" height=\"768\" src=\"http:\/\/lescheminsdemusique.fr\/wp-content\/uploads\/2022\/04\/P1070847-1024x768.jpg\" alt=\"\" class=\"wp-image-2224\" srcset=\"https:\/\/lescheminsdemusique.fr\/wp-content\/uploads\/2022\/04\/P1070847-1024x768.jpg 1024w, https:\/\/lescheminsdemusique.fr\/wp-content\/uploads\/2022\/04\/P1070847-300x225.jpg 300w, https:\/\/lescheminsdemusique.fr\/wp-content\/uploads\/2022\/04\/P1070847-768x576.jpg 768w, https:\/\/lescheminsdemusique.fr\/wp-content\/uploads\/2022\/04\/P1070847.jpg 1280w\" sizes=\"auto, (max-width: 1024px) 100vw, 1024px\" \/><\/figure><div class=\"wp-block-media-text__content\">\n<p>L\u2019amour \u00e0 l\u2019\u00e9poque m\u00e9di\u00e9vale s\u2019est invit\u00e9 au Temple ce lundi\n11 avril\u2026<\/p>\n\n\n\n<p>C\u2019est un programme particuli\u00e8rement riche que Catherine SCHROEDER et Mathieu GODEFROY ont pr\u00e9sent\u00e9 \u00e0 notre fid\u00e8le public en cette soir\u00e9e de lendemain des Rameaux.<\/p>\n<\/div><\/div>\n\n\n\n<p>Amour courtois, amour divin, chant S\u00e9pharade\u2026 L\u2019harmonie des instruments anciens accompagnant de magnifiques envol\u00e9es lyriques ont superbement mis en valeur ces m\u00e9lodies, ces chants issus de sources diverses, telles que les \u00ab\u00a0cantigas de Santa Maria\u00a0\u00bb d\u2019Alfonso El Sabio, ou des \u00ab\u00a0antiennes\u00a0\u00bb d\u2019Hildegarde Von BINGEN, plus quelques extraits de diff\u00e9rents manuscrits et de codex, entre XIIe et XIVe si\u00e8cles\u2026<\/p>\n\n\n\n<figure class=\"wp-block-image size-large\"><img loading=\"lazy\" decoding=\"async\" width=\"1024\" height=\"768\" src=\"http:\/\/lescheminsdemusique.fr\/wp-content\/uploads\/2022\/04\/P1070834-1024x768.jpg\" alt=\"\" class=\"wp-image-2231\" srcset=\"https:\/\/lescheminsdemusique.fr\/wp-content\/uploads\/2022\/04\/P1070834-1024x768.jpg 1024w, https:\/\/lescheminsdemusique.fr\/wp-content\/uploads\/2022\/04\/P1070834-300x225.jpg 300w, https:\/\/lescheminsdemusique.fr\/wp-content\/uploads\/2022\/04\/P1070834-768x576.jpg 768w, https:\/\/lescheminsdemusique.fr\/wp-content\/uploads\/2022\/04\/P1070834.jpg 1280w\" sizes=\"auto, (max-width: 1024px) 100vw, 1024px\" \/><\/figure>\n\n\n\n<p>Guillaume de MACHAUT et Josquin Des PRES (manuscrit de BAYEUX) cl\u00f4turaient ce remarquable concert, et nos deux talentueux artistes n\u2019ont pas manqu\u00e9 de pr\u00e9senter au public ces divers instruments aux sonorit\u00e9s si particuli\u00e8res, jou\u00e9s \u00e0 l\u2019\u00e9poque m\u00e9di\u00e9vale. &nbsp;&nbsp;<\/p>\n","protected":false},"excerpt":{"rendered":"<p>L\u2019amour \u00e0 l\u2019\u00e9poque m\u00e9di\u00e9vale s\u2019est invit\u00e9 au Temple ce lundi 11 avril\u2026 C\u2019est un programme particuli\u00e8rement riche que Catherine SCHROEDER et Mathieu GODEFROY ont pr\u00e9sent\u00e9 \u00e0 notre fid\u00e8le public en cette soir\u00e9e de lendemain des Rameaux. Amour courtois, amour divin, &hellip; <a href=\"https:\/\/lescheminsdemusique.fr\/index.php\/cr-11-avril\/\">Continuer la lecture <span class=\"meta-nav\">&rarr;<\/span><\/a><\/p>\n","protected":false},"author":4,"featured_media":0,"parent":0,"menu_order":0,"comment_status":"closed","ping_status":"closed","template":"onecolumn-page.php","meta":{"footnotes":""},"class_list":["post-2216","page","type-page","status-publish","hentry"],"_links":{"self":[{"href":"https:\/\/lescheminsdemusique.fr\/index.php\/wp-json\/wp\/v2\/pages\/2216","targetHints":{"allow":["GET"]}}],"collection":[{"href":"https:\/\/lescheminsdemusique.fr\/index.php\/wp-json\/wp\/v2\/pages"}],"about":[{"href":"https:\/\/lescheminsdemusique.fr\/index.php\/wp-json\/wp\/v2\/types\/page"}],"author":[{"embeddable":true,"href":"https:\/\/lescheminsdemusique.fr\/index.php\/wp-json\/wp\/v2\/users\/4"}],"replies":[{"embeddable":true,"href":"https:\/\/lescheminsdemusique.fr\/index.php\/wp-json\/wp\/v2\/comments?post=2216"}],"version-history":[{"count":4,"href":"https:\/\/lescheminsdemusique.fr\/index.php\/wp-json\/wp\/v2\/pages\/2216\/revisions"}],"predecessor-version":[{"id":2271,"href":"https:\/\/lescheminsdemusique.fr\/index.php\/wp-json\/wp\/v2\/pages\/2216\/revisions\/2271"}],"wp:attachment":[{"href":"https:\/\/lescheminsdemusique.fr\/index.php\/wp-json\/wp\/v2\/media?parent=2216"}],"curies":[{"name":"wp","href":"https:\/\/api.w.org\/{rel}","templated":true}]}}