{"id":2966,"date":"2022-12-14T08:58:23","date_gmt":"2022-12-14T07:58:23","guid":{"rendered":"http:\/\/www.lescheminsdemusique.org\/?page_id=2966"},"modified":"2025-05-02T20:48:27","modified_gmt":"2025-05-02T18:48:27","slug":"12-decembre-2022-r","status":"publish","type":"page","link":"https:\/\/lescheminsdemusique.fr\/index.php\/12-decembre-2022-r\/","title":{"rendered":"12 d\u00e9cembre 2022 &#8211; R"},"content":{"rendered":"\n<p class=\"has-medium-font-size\"><strong>12 d\u00e9cembre 2022<\/strong><\/p>\n\n\n\n<p><strong>Guillaume de MACHAUT \u00ab&nbsp;A capella&nbsp;\u00bb au Temple ce lundi.<\/strong><\/p>\n\n\n\n<p>Remarquable programme propos\u00e9 par l\u2019ensemble<strong> \u00ab&nbsp;FLOS FILIUS&nbsp;\u00bb<\/strong> pour ce 12 d\u00e9cembre, avec un floril\u00e8ge d\u2019airs \u00e9voquant l\u2019amour courtois, tr\u00e8s en vogue au cours de ce 14<sup>e<\/sup> si\u00e8cle.<\/p>\n\n\n\n<p>Polyphonies \u00e0 deux, trois et quatre voix, subtiles harmonies de <strong>Guillaume de Machaut<\/strong>, auxquelles s\u2019ajoutaient quelques monodies et des lectures de textes de <strong>P\u00e9ronne d\u2019Armenti\u00e8res.<\/strong><\/p>\n\n\n\n<figure class=\"wp-block-image size-large\"><img loading=\"lazy\" decoding=\"async\" width=\"1024\" height=\"768\" src=\"http:\/\/lescheminsdemusique.fr\/wp-content\/uploads\/2022\/12\/P1160024-1024x768.jpg\" alt=\"\" class=\"wp-image-2973\" srcset=\"https:\/\/lescheminsdemusique.fr\/wp-content\/uploads\/2022\/12\/P1160024-1024x768.jpg 1024w, https:\/\/lescheminsdemusique.fr\/wp-content\/uploads\/2022\/12\/P1160024-300x225.jpg 300w, https:\/\/lescheminsdemusique.fr\/wp-content\/uploads\/2022\/12\/P1160024-768x576.jpg 768w, https:\/\/lescheminsdemusique.fr\/wp-content\/uploads\/2022\/12\/P1160024.jpg 1280w\" sizes=\"auto, (max-width: 1024px) 100vw, 1024px\" \/><\/figure>\n\n\n\n<p>Cet ensemble (Zo\u00e9 CHABERT-soprano, No\u00e9mie NIOX CH\u00c2TEAU et Laetitia DU ROY-mezzos sopranos, H\u00e9lo\u00efse GODEFROI-contralto, et Ludovic GLOWACZ-contre-t\u00e9nor) issu d\u2019une belle rencontre avec Marc MAUILLON \u00e0 l\u2019abbaye de ROYAUMONT, a eu un franc succ\u00e8s avec ce programme qui mettait magnifiquement en valeur les diff\u00e9rentes tessitures de chaque interpr\u00e8te.&nbsp; &nbsp;&nbsp;<\/p>\n","protected":false},"excerpt":{"rendered":"<p>12 d\u00e9cembre 2022 Guillaume de MACHAUT \u00ab&nbsp;A capella&nbsp;\u00bb au Temple ce lundi. Remarquable programme propos\u00e9 par l\u2019ensemble \u00ab&nbsp;FLOS FILIUS&nbsp;\u00bb pour ce 12 d\u00e9cembre, avec un floril\u00e8ge d\u2019airs \u00e9voquant l\u2019amour courtois, tr\u00e8s en vogue au cours de ce 14e si\u00e8cle. Polyphonies &hellip; <a href=\"https:\/\/lescheminsdemusique.fr\/index.php\/12-decembre-2022-r\/\">Continuer la lecture <span class=\"meta-nav\">&rarr;<\/span><\/a><\/p>\n","protected":false},"author":4,"featured_media":0,"parent":0,"menu_order":0,"comment_status":"closed","ping_status":"closed","template":"onecolumn-page.php","meta":{"footnotes":""},"class_list":["post-2966","page","type-page","status-publish","hentry"],"_links":{"self":[{"href":"https:\/\/lescheminsdemusique.fr\/index.php\/wp-json\/wp\/v2\/pages\/2966","targetHints":{"allow":["GET"]}}],"collection":[{"href":"https:\/\/lescheminsdemusique.fr\/index.php\/wp-json\/wp\/v2\/pages"}],"about":[{"href":"https:\/\/lescheminsdemusique.fr\/index.php\/wp-json\/wp\/v2\/types\/page"}],"author":[{"embeddable":true,"href":"https:\/\/lescheminsdemusique.fr\/index.php\/wp-json\/wp\/v2\/users\/4"}],"replies":[{"embeddable":true,"href":"https:\/\/lescheminsdemusique.fr\/index.php\/wp-json\/wp\/v2\/comments?post=2966"}],"version-history":[{"count":2,"href":"https:\/\/lescheminsdemusique.fr\/index.php\/wp-json\/wp\/v2\/pages\/2966\/revisions"}],"predecessor-version":[{"id":2987,"href":"https:\/\/lescheminsdemusique.fr\/index.php\/wp-json\/wp\/v2\/pages\/2966\/revisions\/2987"}],"wp:attachment":[{"href":"https:\/\/lescheminsdemusique.fr\/index.php\/wp-json\/wp\/v2\/media?parent=2966"}],"curies":[{"name":"wp","href":"https:\/\/api.w.org\/{rel}","templated":true}]}}