{"id":507,"date":"2021-01-25T18:11:04","date_gmt":"2021-01-25T17:11:04","guid":{"rendered":"http:\/\/www.lescheminsdemusique.org\/?page_id=507"},"modified":"2025-05-02T20:49:32","modified_gmt":"2025-05-02T18:49:32","slug":"3-juin-2019","status":"publish","type":"page","link":"https:\/\/lescheminsdemusique.fr\/index.php\/3-juin-2019\/","title":{"rendered":"3 juin 2019"},"content":{"rendered":"\n<h2 class=\"wp-block-heading\">On a chant\u00e9 l&rsquo;Amour !<\/h2>\n\n\n\n<figure class=\"wp-block-image size-large\"><img loading=\"lazy\" decoding=\"async\" width=\"1024\" height=\"663\" src=\"http:\/\/lescheminsdemusique.fr\/wp-content\/uploads\/2021\/01\/030619_2-1024x663.jpg\" alt=\"\" class=\"wp-image-517\" srcset=\"https:\/\/lescheminsdemusique.fr\/wp-content\/uploads\/2021\/01\/030619_2-1024x663.jpg 1024w, https:\/\/lescheminsdemusique.fr\/wp-content\/uploads\/2021\/01\/030619_2-300x194.jpg 300w, https:\/\/lescheminsdemusique.fr\/wp-content\/uploads\/2021\/01\/030619_2-768x498.jpg 768w, https:\/\/lescheminsdemusique.fr\/wp-content\/uploads\/2021\/01\/030619_2-1536x995.jpg 1536w, https:\/\/lescheminsdemusique.fr\/wp-content\/uploads\/2021\/01\/030619_2-2048x1327.jpg 2048w\" sizes=\"auto, (max-width: 1024px) 100vw, 1024px\" \/><\/figure>\n\n\n\n<p style=\"color:#1b343e\" class=\"has-text-color\">Belle assistance ce lundi soir pour ce tout premier rendez-vous au Temple dans le cadre du \u00ab\u00a0Mois Moli\u00e8re\u00a0\u00bb\u2026Et un programme de choix, propos\u00e9 par l\u2019ensemble <strong>\u00ab\u00a0Eph\u00e9m\u00e8re\u00a0\u00bb,<\/strong> compos\u00e9 pour la circonstance de Laurence MAMAN (chant et harpe), Pascale COSTANTINI (vi\u00e8le et chant), Nathalie GODEFROID (fl\u00fbtes et chant) et Pierre BOURHIS (chant).<\/p>\n\n\n\n<div class=\"wp-block-columns is-layout-flex wp-container-core-columns-is-layout-9d6595d7 wp-block-columns-is-layout-flex\">\n<div class=\"wp-block-column is-layout-flow wp-block-column-is-layout-flow\">\n<figure class=\"wp-block-image size-large\"><img loading=\"lazy\" decoding=\"async\" width=\"1024\" height=\"768\" src=\"http:\/\/lescheminsdemusique.fr\/wp-content\/uploads\/2021\/01\/030619_1-1024x768.jpg\" alt=\"\" class=\"wp-image-526\" srcset=\"https:\/\/lescheminsdemusique.fr\/wp-content\/uploads\/2021\/01\/030619_1-1024x768.jpg 1024w, https:\/\/lescheminsdemusique.fr\/wp-content\/uploads\/2021\/01\/030619_1-300x225.jpg 300w, https:\/\/lescheminsdemusique.fr\/wp-content\/uploads\/2021\/01\/030619_1-768x576.jpg 768w, https:\/\/lescheminsdemusique.fr\/wp-content\/uploads\/2021\/01\/030619_1-1536x1152.jpg 1536w, https:\/\/lescheminsdemusique.fr\/wp-content\/uploads\/2021\/01\/030619_1-2048x1536.jpg 2048w\" sizes=\"auto, (max-width: 1024px) 100vw, 1024px\" \/><\/figure>\n<\/div>\n\n\n\n<div class=\"wp-block-column is-layout-flow wp-block-column-is-layout-flow\">\n<figure class=\"wp-block-image size-large\"><img loading=\"lazy\" decoding=\"async\" width=\"1024\" height=\"768\" src=\"http:\/\/lescheminsdemusique.fr\/wp-content\/uploads\/2021\/01\/030619_4-1024x768.jpg\" alt=\"\" class=\"wp-image-531\" srcset=\"https:\/\/lescheminsdemusique.fr\/wp-content\/uploads\/2021\/01\/030619_4-1024x768.jpg 1024w, https:\/\/lescheminsdemusique.fr\/wp-content\/uploads\/2021\/01\/030619_4-300x225.jpg 300w, https:\/\/lescheminsdemusique.fr\/wp-content\/uploads\/2021\/01\/030619_4-768x576.jpg 768w, https:\/\/lescheminsdemusique.fr\/wp-content\/uploads\/2021\/01\/030619_4-1536x1152.jpg 1536w, https:\/\/lescheminsdemusique.fr\/wp-content\/uploads\/2021\/01\/030619_4-2048x1536.jpg 2048w\" sizes=\"auto, (max-width: 1024px) 100vw, 1024px\" \/><\/figure>\n<\/div>\n<\/div>\n\n\n\n<div class=\"wp-block-columns is-layout-flex wp-container-core-columns-is-layout-9d6595d7 wp-block-columns-is-layout-flex\">\n<div class=\"wp-block-column is-layout-flow wp-block-column-is-layout-flow\">\n<figure class=\"wp-block-image size-large\"><img loading=\"lazy\" decoding=\"async\" width=\"1024\" height=\"768\" src=\"http:\/\/lescheminsdemusique.fr\/wp-content\/uploads\/2021\/01\/030619_3-1024x768.jpg\" alt=\"\" class=\"wp-image-539\" srcset=\"https:\/\/lescheminsdemusique.fr\/wp-content\/uploads\/2021\/01\/030619_3-1024x768.jpg 1024w, https:\/\/lescheminsdemusique.fr\/wp-content\/uploads\/2021\/01\/030619_3-300x225.jpg 300w, https:\/\/lescheminsdemusique.fr\/wp-content\/uploads\/2021\/01\/030619_3-768x576.jpg 768w, https:\/\/lescheminsdemusique.fr\/wp-content\/uploads\/2021\/01\/030619_3-1536x1152.jpg 1536w, https:\/\/lescheminsdemusique.fr\/wp-content\/uploads\/2021\/01\/030619_3-2048x1536.jpg 2048w\" sizes=\"auto, (max-width: 1024px) 100vw, 1024px\" \/><\/figure>\n<\/div>\n\n\n\n<div class=\"wp-block-column is-layout-flow wp-block-column-is-layout-flow\">\n<figure class=\"wp-block-image size-large\"><img loading=\"lazy\" decoding=\"async\" width=\"1024\" height=\"689\" src=\"http:\/\/lescheminsdemusique.fr\/wp-content\/uploads\/2021\/01\/030619_5-1024x689.jpg\" alt=\"\" class=\"wp-image-544\" srcset=\"https:\/\/lescheminsdemusique.fr\/wp-content\/uploads\/2021\/01\/030619_5-1024x689.jpg 1024w, https:\/\/lescheminsdemusique.fr\/wp-content\/uploads\/2021\/01\/030619_5-300x202.jpg 300w, https:\/\/lescheminsdemusique.fr\/wp-content\/uploads\/2021\/01\/030619_5-768x517.jpg 768w, https:\/\/lescheminsdemusique.fr\/wp-content\/uploads\/2021\/01\/030619_5-1536x1033.jpg 1536w, https:\/\/lescheminsdemusique.fr\/wp-content\/uploads\/2021\/01\/030619_5-2048x1377.jpg 2048w\" sizes=\"auto, (max-width: 1024px) 100vw, 1024px\" \/><\/figure>\n<\/div>\n<\/div>\n\n\n\n<p>\u00ab&nbsp;L\u2019Amor mi fa cantar&nbsp;!&nbsp;\u00bb, et nous avons eu de nombreuses\nd\u00e9clinaisons de cet \u00e9lan si agr\u00e9able \u00e0 vivre, sous des formes musicales et des\nharmonies vari\u00e9es.<br>\nLes compositeurs du XIV\u00e8me si\u00e8cle excellaient \u00e0 ces ballades, madrigaux et\nautres rythmes, tous m\u00e9lodieux et faits pour charmer des oreilles attentives,\nnon sans quelques pointes d\u2019humour parfois.<\/p>\n\n\n\n<p>Francesco LANDINI (1325-1397), Johannes CICONIA (1370-1412), Jacopo da\nBOLOGNA (milieu du XIV\u00e8me)\u2026 Autant d\u2019auteurs \u00e0 (re)d\u00e9couvrir au fil de ce\nprogramme exceptionnel&nbsp;!<\/p>\n\n\n\n<p>\u00ab&nbsp;Ecco la primavera&nbsp;\u00bb, \u00ab&nbsp;In su\u2019 be\u2019 fiori&nbsp;\u00bb,\n\u00ab&nbsp;Amor mi fa cantar a la francesca&nbsp;\u00bb, \u00ab&nbsp;Ochi dolenti mie&nbsp;\u00bb\u2026<\/p>\n\n\n\n<p>Comment r\u00e9sister \u00e0 l\u2019appel du printemps, aux d\u00e9licieux tourments de\nl\u2019Amour&nbsp;?<\/p>\n\n\n\n<p>Apr\u00e8s une courte pause, le public a \u00e9t\u00e9 transport\u00e9 chez nos amis Anglais,\npour un floril\u00e8ge des d\u00e9buts du XV\u00e8me si\u00e8cle&nbsp;:<\/p>\n\n\n\n<p>Du \u00ab&nbsp;Carol d\u2019Azincourt&nbsp;\u00bb au d\u00e9licieux \u00ab&nbsp;If Love now reigned&nbsp;\u00bb,\nde \u00ab&nbsp;Ah&nbsp;! Robin, gentle Robin&nbsp;\u00bb \u00e0 \u00ab&nbsp;Pastime with good\ncompany&nbsp;\u00bb, l\u2019ensemble \u00ab&nbsp;Eph\u00e9m\u00e8re&nbsp;\u00bb a donn\u00e9 \u00e0 entendre William\nCORNYSH, Henry VIII, plus un chant de No\u00ebl de Richard PYGOTT, ainsi qu\u2019un\nd\u00e9licieux \u00ab&nbsp;Sumer is icumen in\/Sing cucu&nbsp;\u00bb extrait du manuscrit de\nHARLEY, vers 1260.<br>\nUne belle et tr\u00e8s agr\u00e9able soir\u00e9e, o\u00f9 les applaudissements n\u2019ont pas\nmanqu\u00e9&nbsp;! &nbsp;<\/p>\n","protected":false},"excerpt":{"rendered":"<p>On a chant\u00e9 l&rsquo;Amour ! Belle assistance ce lundi soir pour ce tout premier rendez-vous au Temple dans le cadre du \u00ab\u00a0Mois Moli\u00e8re\u00a0\u00bb\u2026Et un programme de choix, propos\u00e9 par l\u2019ensemble \u00ab\u00a0Eph\u00e9m\u00e8re\u00a0\u00bb, compos\u00e9 pour la circonstance de Laurence MAMAN (chant et &hellip; <a href=\"https:\/\/lescheminsdemusique.fr\/index.php\/3-juin-2019\/\">Continuer la lecture <span class=\"meta-nav\">&rarr;<\/span><\/a><\/p>\n","protected":false},"author":4,"featured_media":0,"parent":0,"menu_order":0,"comment_status":"closed","ping_status":"closed","template":"onecolumn-page.php","meta":{"footnotes":""},"class_list":["post-507","page","type-page","status-publish","hentry"],"_links":{"self":[{"href":"https:\/\/lescheminsdemusique.fr\/index.php\/wp-json\/wp\/v2\/pages\/507","targetHints":{"allow":["GET"]}}],"collection":[{"href":"https:\/\/lescheminsdemusique.fr\/index.php\/wp-json\/wp\/v2\/pages"}],"about":[{"href":"https:\/\/lescheminsdemusique.fr\/index.php\/wp-json\/wp\/v2\/types\/page"}],"author":[{"embeddable":true,"href":"https:\/\/lescheminsdemusique.fr\/index.php\/wp-json\/wp\/v2\/users\/4"}],"replies":[{"embeddable":true,"href":"https:\/\/lescheminsdemusique.fr\/index.php\/wp-json\/wp\/v2\/comments?post=507"}],"version-history":[{"count":2,"href":"https:\/\/lescheminsdemusique.fr\/index.php\/wp-json\/wp\/v2\/pages\/507\/revisions"}],"predecessor-version":[{"id":563,"href":"https:\/\/lescheminsdemusique.fr\/index.php\/wp-json\/wp\/v2\/pages\/507\/revisions\/563"}],"wp:attachment":[{"href":"https:\/\/lescheminsdemusique.fr\/index.php\/wp-json\/wp\/v2\/media?parent=507"}],"curies":[{"name":"wp","href":"https:\/\/api.w.org\/{rel}","templated":true}]}}