{"id":5424,"date":"2024-10-02T19:33:20","date_gmt":"2024-10-02T17:33:20","guid":{"rendered":"http:\/\/www.lescheminsdemusique.org\/?page_id=5424"},"modified":"2024-10-02T19:33:49","modified_gmt":"2024-10-02T17:33:49","slug":"cr-30-septembre-2024-r","status":"publish","type":"page","link":"https:\/\/lescheminsdemusique.fr\/index.php\/cr-30-septembre-2024-r\/","title":{"rendered":"cr &#8211; 30 septembre 2024 &#8211; R"},"content":{"rendered":"\n<p>Depuis la toute premi\u00e8re fl\u00fbte fa\u00e7onn\u00e9e dans un os, \u00e0 l\u2019aube de l\u2019humanit\u00e9, jusqu\u2019aux instruments des m\u00e9nestrels et des trouv\u00e8res \u00e0 l\u2019\u00e9poque m\u00e9di\u00e9vale, en passant par les rythmes et les harmonies de l\u2019Am\u00e9rique pr\u00e9colombienne, Pierre HAMON a offert au public du Temple, pour ce premier rendez-vous de la nouvelle saison, un fabuleux voyage dans le temps.<\/p>\n\n\n\n<figure class=\"wp-block-image size-large\"><img loading=\"lazy\" decoding=\"async\" width=\"1024\" height=\"768\" src=\"http:\/\/lescheminsdemusique.fr\/wp-content\/uploads\/2024\/10\/P1340223-1024x768.jpg\" alt=\"\" class=\"wp-image-5435\" srcset=\"https:\/\/lescheminsdemusique.fr\/wp-content\/uploads\/2024\/10\/P1340223-1024x768.jpg 1024w, https:\/\/lescheminsdemusique.fr\/wp-content\/uploads\/2024\/10\/P1340223-300x225.jpg 300w, https:\/\/lescheminsdemusique.fr\/wp-content\/uploads\/2024\/10\/P1340223-768x576.jpg 768w, https:\/\/lescheminsdemusique.fr\/wp-content\/uploads\/2024\/10\/P1340223.jpg 1280w\" sizes=\"auto, (max-width: 1024px) 100vw, 1024px\" \/><\/figure>\n\n\n\n<p>A voir son exceptionnelle collection de fl\u00fbtes, notre\ncuriosit\u00e9 \u00e9tait d\u00e9j\u00e0 mise en \u00e9veil\u2026<\/p>\n\n\n\n<p>Os, c\u00e9ramique, roseau, bambou, bois divers\u2026 Avec des formes parfois spectaculaires, tous ces instruments donnent des sonorit\u00e9s allant de plus aigu au plus grave, et plongent l\u2019auditeur tour \u00e0 tour dans les transes des chamans p\u00e9ruviens, dans les danses de ces lointaines peuplades am\u00e9rindiennes, dans les r\u00eaves amoureux les plus \u00e9mouvants.<\/p>\n\n\n\n<figure class=\"wp-block-image size-large\"><img loading=\"lazy\" decoding=\"async\" width=\"1024\" height=\"768\" src=\"http:\/\/lescheminsdemusique.fr\/wp-content\/uploads\/2024\/10\/P1340191-1024x768.jpg\" alt=\"\" class=\"wp-image-5442\" srcset=\"https:\/\/lescheminsdemusique.fr\/wp-content\/uploads\/2024\/10\/P1340191-1024x768.jpg 1024w, https:\/\/lescheminsdemusique.fr\/wp-content\/uploads\/2024\/10\/P1340191-300x225.jpg 300w, https:\/\/lescheminsdemusique.fr\/wp-content\/uploads\/2024\/10\/P1340191-768x576.jpg 768w, https:\/\/lescheminsdemusique.fr\/wp-content\/uploads\/2024\/10\/P1340191.jpg 1280w\" sizes=\"auto, (max-width: 1024px) 100vw, 1024px\" \/><\/figure>\n\n\n\n<p>Nombreux ont \u00e9t\u00e9 les spectateurs, apr\u00e8s le concert, \u00e0\ndialoguer avec Pierre HAMON, et \u00e0 admirer fl\u00fbtes Azt\u00e8ques, ocarinas, fl\u00fbtes\ndoubles ou triples, et autres vases siffleurs&nbsp;!<\/p>\n\n\n\n<p>Une remarquable soir\u00e9e de d\u00e9couverte&nbsp;!<\/p>\n","protected":false},"excerpt":{"rendered":"<p>Depuis la toute premi\u00e8re fl\u00fbte fa\u00e7onn\u00e9e dans un os, \u00e0 l\u2019aube de l\u2019humanit\u00e9, jusqu\u2019aux instruments des m\u00e9nestrels et des trouv\u00e8res \u00e0 l\u2019\u00e9poque m\u00e9di\u00e9vale, en passant par les rythmes et les harmonies de l\u2019Am\u00e9rique pr\u00e9colombienne, Pierre HAMON a offert au public &hellip; <a href=\"https:\/\/lescheminsdemusique.fr\/index.php\/cr-30-septembre-2024-r\/\">Continuer la lecture <span class=\"meta-nav\">&rarr;<\/span><\/a><\/p>\n","protected":false},"author":4,"featured_media":0,"parent":0,"menu_order":0,"comment_status":"closed","ping_status":"closed","template":"onecolumn-page.php","meta":{"footnotes":""},"class_list":["post-5424","page","type-page","status-publish","hentry"],"_links":{"self":[{"href":"https:\/\/lescheminsdemusique.fr\/index.php\/wp-json\/wp\/v2\/pages\/5424","targetHints":{"allow":["GET"]}}],"collection":[{"href":"https:\/\/lescheminsdemusique.fr\/index.php\/wp-json\/wp\/v2\/pages"}],"about":[{"href":"https:\/\/lescheminsdemusique.fr\/index.php\/wp-json\/wp\/v2\/types\/page"}],"author":[{"embeddable":true,"href":"https:\/\/lescheminsdemusique.fr\/index.php\/wp-json\/wp\/v2\/users\/4"}],"replies":[{"embeddable":true,"href":"https:\/\/lescheminsdemusique.fr\/index.php\/wp-json\/wp\/v2\/comments?post=5424"}],"version-history":[{"count":1,"href":"https:\/\/lescheminsdemusique.fr\/index.php\/wp-json\/wp\/v2\/pages\/5424\/revisions"}],"predecessor-version":[{"id":5448,"href":"https:\/\/lescheminsdemusique.fr\/index.php\/wp-json\/wp\/v2\/pages\/5424\/revisions\/5448"}],"wp:attachment":[{"href":"https:\/\/lescheminsdemusique.fr\/index.php\/wp-json\/wp\/v2\/media?parent=5424"}],"curies":[{"name":"wp","href":"https:\/\/api.w.org\/{rel}","templated":true}]}}