{"id":570,"date":"2021-01-25T19:13:17","date_gmt":"2021-01-25T18:13:17","guid":{"rendered":"http:\/\/www.lescheminsdemusique.org\/?page_id=570"},"modified":"2025-05-02T20:48:35","modified_gmt":"2025-05-02T18:48:35","slug":"11-mai-2019","status":"publish","type":"page","link":"https:\/\/lescheminsdemusique.fr\/index.php\/11-mai-2019\/","title":{"rendered":"11 mai 2019"},"content":{"rendered":"\n<div class=\"wp-block-media-text alignwide\" style=\"grid-template-columns:42% auto\"><figure class=\"wp-block-media-text__media\"><img loading=\"lazy\" decoding=\"async\" width=\"1024\" height=\"768\" src=\"http:\/\/lescheminsdemusique.fr\/wp-content\/uploads\/2021\/01\/110519_3-1024x768.jpg\" alt=\"\" class=\"wp-image-578\" srcset=\"https:\/\/lescheminsdemusique.fr\/wp-content\/uploads\/2021\/01\/110519_3-1024x768.jpg 1024w, https:\/\/lescheminsdemusique.fr\/wp-content\/uploads\/2021\/01\/110519_3-300x225.jpg 300w, https:\/\/lescheminsdemusique.fr\/wp-content\/uploads\/2021\/01\/110519_3-768x576.jpg 768w, https:\/\/lescheminsdemusique.fr\/wp-content\/uploads\/2021\/01\/110519_3-1536x1152.jpg 1536w, https:\/\/lescheminsdemusique.fr\/wp-content\/uploads\/2021\/01\/110519_3-2048x1536.jpg 2048w\" sizes=\"auto, (max-width: 1024px) 100vw, 1024px\" \/><\/figure><div class=\"wp-block-media-text__content\">\n<p class=\"has-normal-font-size\"> Public d\u2019habitu\u00e9s ce lundi 13 mai au Temple pour un concert peu conventionnel. Le trio <strong>\u00ab&nbsp;ROSACES&nbsp;\u00bb<\/strong>, s\u2019inspirant de m\u00e9lodies et de textes de Matteo da PERUGIA, de Paolo da FIRENZE, avec quelques \u00e9chapp\u00e9es vers Guillaume de MACHAUT ou Johannes CICONIA, avait concoct\u00e9 un programme subtil alliant rythmes et sonorit\u00e9s d\u2019une \u00e9poque flamboyante (le Moyen-\u00e2ge) \u00e0 des improvisations tr\u00e8s actuelles.<br><br><\/p>\n<\/div><\/div>\n\n\n\n<p> M\u00e9lange harmonieux, o\u00f9 les instruments (la guitare de Michel ZEBR ACKI, les fl\u00fbtes de Gayan\u00e9 DONEYAN) et la magnifique voix d\u2019Alice KAYATI se m\u00ealent, se r\u00e9pondent, \u00e9voluant tant\u00f4t en rythmes lents, lancinants, tant\u00f4t en harmonies plus enlev\u00e9es.<\/p>\n\n\n\n<div class=\"wp-block-columns is-layout-flex wp-container-core-columns-is-layout-9d6595d7 wp-block-columns-is-layout-flex\">\n<div class=\"wp-block-column is-layout-flow wp-block-column-is-layout-flow\">\n<figure class=\"wp-block-image size-large\"><img loading=\"lazy\" decoding=\"async\" width=\"1024\" height=\"768\" src=\"http:\/\/lescheminsdemusique.fr\/wp-content\/uploads\/2021\/01\/110519_1-1024x768.jpg\" alt=\"\" class=\"wp-image-589\" srcset=\"https:\/\/lescheminsdemusique.fr\/wp-content\/uploads\/2021\/01\/110519_1-1024x768.jpg 1024w, https:\/\/lescheminsdemusique.fr\/wp-content\/uploads\/2021\/01\/110519_1-300x225.jpg 300w, https:\/\/lescheminsdemusique.fr\/wp-content\/uploads\/2021\/01\/110519_1-768x576.jpg 768w, https:\/\/lescheminsdemusique.fr\/wp-content\/uploads\/2021\/01\/110519_1-1536x1152.jpg 1536w, https:\/\/lescheminsdemusique.fr\/wp-content\/uploads\/2021\/01\/110519_1-2048x1536.jpg 2048w\" sizes=\"auto, (max-width: 1024px) 100vw, 1024px\" \/><\/figure>\n<\/div>\n\n\n\n<div class=\"wp-block-column is-layout-flow wp-block-column-is-layout-flow\">\n<figure class=\"wp-block-image size-large\"><img loading=\"lazy\" decoding=\"async\" width=\"1024\" height=\"816\" src=\"http:\/\/lescheminsdemusique.fr\/wp-content\/uploads\/2021\/01\/110519_2-1024x816.jpg\" alt=\"\" class=\"wp-image-594\" srcset=\"https:\/\/lescheminsdemusique.fr\/wp-content\/uploads\/2021\/01\/110519_2-1024x816.jpg 1024w, https:\/\/lescheminsdemusique.fr\/wp-content\/uploads\/2021\/01\/110519_2-300x239.jpg 300w, https:\/\/lescheminsdemusique.fr\/wp-content\/uploads\/2021\/01\/110519_2-768x612.jpg 768w, https:\/\/lescheminsdemusique.fr\/wp-content\/uploads\/2021\/01\/110519_2-1536x1224.jpg 1536w, https:\/\/lescheminsdemusique.fr\/wp-content\/uploads\/2021\/01\/110519_2-2048x1632.jpg 2048w\" sizes=\"auto, (max-width: 1024px) 100vw, 1024px\" \/><\/figure>\n<\/div>\n<\/div>\n\n\n\n<p>\u00ab&nbsp;Dame\nplaysans&nbsp;\u00bb, et \u00ab&nbsp;Dame d\u2019humeur plaisante&nbsp;\u00bb, ou encore \u00ab&nbsp;ne\nme chaut&nbsp;\u00bb de Matteo da PERUGIA, \u00abDous amis&nbsp;\u00bb, et \u00ab&nbsp;Gais et\njolis&nbsp;\u00bb de Guillaume de MACHAUT, &nbsp;\u00ab&nbsp;mer\u00e7\u00e9 o morte&nbsp;\u00bb de\nJohannes CICONIA, jusqu\u2019\u00e0 cette variation sur \u00ab&nbsp;Venus&nbsp;\u00bb de Michel\nZEBRACKI&nbsp;: autant de sonorit\u00e9s que nous avons peu l\u2019occasion d\u2019entendre\u2026 Un\nr\u00e9elle d\u00e9couverte, gr\u00e2ce au trio \u00ab&nbsp;ROSACES&nbsp;\u00bb&nbsp;!\n\nCette formation, qui s\u2019est\nproduite d\u00e9j\u00e0 de la Bourgogne \u00e0 la Bretagne, en passant par l\u2019Auvergne, a pu\nenregistrer pour \u00ab&nbsp;DA VINCI CLASSICS&nbsp;\u00bb le programme \u00ab&nbsp;AURORA\nCONSURGENS&nbsp;\u00bb au ch\u00e2teau de MORSASCO (Italie). Une \u0153uvre atypique entre\nmusique ancienne et jazz.\n\n\n\n<\/p>\n","protected":false},"excerpt":{"rendered":"<p>Public d\u2019habitu\u00e9s ce lundi 13 mai au Temple pour un concert peu conventionnel. Le trio \u00ab&nbsp;ROSACES&nbsp;\u00bb, s\u2019inspirant de m\u00e9lodies et de textes de Matteo da PERUGIA, de Paolo da FIRENZE, avec quelques \u00e9chapp\u00e9es vers Guillaume de MACHAUT ou Johannes CICONIA, &hellip; <a href=\"https:\/\/lescheminsdemusique.fr\/index.php\/11-mai-2019\/\">Continuer la lecture <span class=\"meta-nav\">&rarr;<\/span><\/a><\/p>\n","protected":false},"author":4,"featured_media":0,"parent":0,"menu_order":0,"comment_status":"closed","ping_status":"closed","template":"","meta":{"footnotes":""},"class_list":["post-570","page","type-page","status-publish","hentry"],"_links":{"self":[{"href":"https:\/\/lescheminsdemusique.fr\/index.php\/wp-json\/wp\/v2\/pages\/570","targetHints":{"allow":["GET"]}}],"collection":[{"href":"https:\/\/lescheminsdemusique.fr\/index.php\/wp-json\/wp\/v2\/pages"}],"about":[{"href":"https:\/\/lescheminsdemusique.fr\/index.php\/wp-json\/wp\/v2\/types\/page"}],"author":[{"embeddable":true,"href":"https:\/\/lescheminsdemusique.fr\/index.php\/wp-json\/wp\/v2\/users\/4"}],"replies":[{"embeddable":true,"href":"https:\/\/lescheminsdemusique.fr\/index.php\/wp-json\/wp\/v2\/comments?post=570"}],"version-history":[{"count":4,"href":"https:\/\/lescheminsdemusique.fr\/index.php\/wp-json\/wp\/v2\/pages\/570\/revisions"}],"predecessor-version":[{"id":9283,"href":"https:\/\/lescheminsdemusique.fr\/index.php\/wp-json\/wp\/v2\/pages\/570\/revisions\/9283"}],"wp:attachment":[{"href":"https:\/\/lescheminsdemusique.fr\/index.php\/wp-json\/wp\/v2\/media?parent=570"}],"curies":[{"name":"wp","href":"https:\/\/api.w.org\/{rel}","templated":true}]}}