{"id":6644,"date":"2025-06-01T21:05:07","date_gmt":"2025-06-01T19:05:07","guid":{"rendered":"http:\/\/www.lescheminsdemusique.org\/?page_id=6644"},"modified":"2025-06-01T21:07:20","modified_gmt":"2025-06-01T19:07:20","slug":"les-demoiselles-de-saint-cyr-par-les-dames-de-saint-louis","status":"publish","type":"page","link":"https:\/\/lescheminsdemusique.fr\/index.php\/les-demoiselles-de-saint-cyr-par-les-dames-de-saint-louis\/","title":{"rendered":"26 mai 2025 &#8211; \u00ab\u00a0Les Demoiselles de Saint-Cyr\u00a0\u00bb par les Dames de Saint Louis"},"content":{"rendered":"\n<p class=\"has-medium-font-size\"><strong>Concert du 26 mai 2025 au Temple<\/strong><\/p>\n\n\n\n<p><strong>En 1686, Louis XIV et Mme de Maintenon fondaient \u00e0 Saint-Cyr une maison d&rsquo;\u00e9ducation pour des jeunes filles sans fortune. En un si\u00e8cle, plus de 3 000 pensionnaires y furent \u00e9lev\u00e9es aux frais de l&rsquo;\u00c9tat royal qui souhaitait en  faire&nbsp;\u00ab d&rsquo;excellentes vierges pour le clo\u00eetre et de pieuses m\u00e8res de famille pour le  monde \u00bb.<\/strong><\/p>\n\n\n\n<p>Ce sont les \u00ab&nbsp;Dames de St LOUIS&nbsp;\u00bb qui, en ce lundi 26 mai, nous ont convi\u00e9s \u00e0 St-Cyr, pour une magistrale \u00e9vocation de ces lieux, si chers \u00e0 Mme de MAINTENON. Sept voix remarquables&nbsp;: Fran\u00e7oise LEROY-ROUDIER (dessus), Nathalie  RENOUVIN (dessus, fl\u00fbte \u00e0 bec et cornemuse), Laurence MAMAN, Pauline VAN HAECKE (dessus), Pascale CANTENOT (bas dessus et fl\u00fbte \u00e0 bec), Evelyne LUTTON (bas dessus) et Tha\u00efs PERON LE QUAY (bas dessus et violone)\u2026 Pour un  programme mettant en valeur des compositions de Louis-Nicolas CLERAMBAULT (du tr\u00e8s classique \u00ab&nbsp;Domine Salvum Fac Regem&nbsp;\u00bb, et \u00ab&nbsp;miserere mei Deus&nbsp;\u00bb, au plus champ\u00eatre \u00ab&nbsp;Bergers, reprenez vos musettes&nbsp;\u00bb, plus un superbe motet pour le jour de No\u00ebl). Mais aussi deux \u0153uvres de Jean-Baptiste LULLY (\u00ab&nbsp;Grand Dieu sauve le Roi&nbsp;\u00bb, et \u00ab&nbsp;la puissance de Dieu&nbsp;\u00bb), et \u00e9galement des compositions de Marin MARAIS (La solitude), Guillaume-Gabriel NIVERS (Kyrie, et suite du premier ton), Jean-Baptiste MOREAU (interm\u00e8des d\u2019Esther, de RACINE) et Jean-Fran\u00e7ois<br>DANDRIEU (No\u00ebl de Saintonge). <\/p>\n\n\n\n<p>Ce concert, qui avait commenc\u00e9 avec un chant anonyme (\u00ab&nbsp;sur l\u2019air des folies d\u2019Espagne&nbsp;\u00bb), se cl\u00f4turait sur une derni\u00e8re \u0153uvre de LULLY, avec des paroles de Mme de BRINON, premi\u00e8re sup\u00e9rieure de l\u2019institut de St CYR (\u00ab&nbsp;pour la gu\u00e9rison du Roi&nbsp;\u00bb).<\/p>\n\n\n\n<p> Avec Fran\u00e7ois ROUDIER au clavier du clavecin et de l\u2019orgue, une belle \u00ab&nbsp;mise en<br> espace&nbsp;\u00bb de ces airs qui ont charm\u00e9 notre fid\u00e8le public.<\/p>\n","protected":false},"excerpt":{"rendered":"<p>Concert du 26 mai 2025 au Temple En 1686, Louis XIV et Mme de Maintenon fondaient \u00e0 Saint-Cyr une maison d&rsquo;\u00e9ducation pour des jeunes filles sans fortune. En un si\u00e8cle, plus de 3 000 pensionnaires y furent \u00e9lev\u00e9es aux frais &hellip; <a href=\"https:\/\/lescheminsdemusique.fr\/index.php\/les-demoiselles-de-saint-cyr-par-les-dames-de-saint-louis\/\">Continuer la lecture <span class=\"meta-nav\">&rarr;<\/span><\/a><\/p>\n","protected":false},"author":4,"featured_media":0,"parent":0,"menu_order":0,"comment_status":"closed","ping_status":"closed","template":"onecolumn-page.php","meta":{"footnotes":""},"class_list":["post-6644","page","type-page","status-publish","hentry"],"_links":{"self":[{"href":"https:\/\/lescheminsdemusique.fr\/index.php\/wp-json\/wp\/v2\/pages\/6644","targetHints":{"allow":["GET"]}}],"collection":[{"href":"https:\/\/lescheminsdemusique.fr\/index.php\/wp-json\/wp\/v2\/pages"}],"about":[{"href":"https:\/\/lescheminsdemusique.fr\/index.php\/wp-json\/wp\/v2\/types\/page"}],"author":[{"embeddable":true,"href":"https:\/\/lescheminsdemusique.fr\/index.php\/wp-json\/wp\/v2\/users\/4"}],"replies":[{"embeddable":true,"href":"https:\/\/lescheminsdemusique.fr\/index.php\/wp-json\/wp\/v2\/comments?post=6644"}],"version-history":[{"count":2,"href":"https:\/\/lescheminsdemusique.fr\/index.php\/wp-json\/wp\/v2\/pages\/6644\/revisions"}],"predecessor-version":[{"id":6666,"href":"https:\/\/lescheminsdemusique.fr\/index.php\/wp-json\/wp\/v2\/pages\/6644\/revisions\/6666"}],"wp:attachment":[{"href":"https:\/\/lescheminsdemusique.fr\/index.php\/wp-json\/wp\/v2\/media?parent=6644"}],"curies":[{"name":"wp","href":"https:\/\/api.w.org\/{rel}","templated":true}]}}