{"id":8966,"date":"2026-02-13T22:22:16","date_gmt":"2026-02-13T21:22:16","guid":{"rendered":"https:\/\/lescheminsdemusique.fr\/?page_id=8966"},"modified":"2026-02-13T22:23:50","modified_gmt":"2026-02-13T21:23:50","slug":"9-fevrier-2026-ensemble-la-quinta-pars","status":"publish","type":"page","link":"https:\/\/lescheminsdemusique.fr\/index.php\/9-fevrier-2026-ensemble-la-quinta-pars\/","title":{"rendered":"9 f\u00e9vrier 2026 &#8211; Ensemble La Quinta Pars"},"content":{"rendered":"\n<p>Splendeur et d\u00e9licatesse du luth et de la voix\u00a0!<\/p>\n\n\n\n<p>Le programme, d\u2019une remarquable richesse, a altern\u00e9 les pi\u00e8ces pour luth issues de ce premier livre de Robert Ballard \u2014 telles que le <em>Ballet de la Reyne<\/em>, le <em>Ballet des esclaves<\/em>, ou encore diverses voltes et courantes \u2014 avec des chants accompagn\u00e9s sign\u00e9s Anthoyne Boesset ou Estienne Moulini\u00e9.<\/p>\n\n\n\n<p>\u00c0 travers l&rsquo;interpr\u00e9tation d\u2019\u0153uvres choisies comme <em>All\u00e9s tristes soupirs aux pieds de la cruelle<\/em>, <em>En aprochant le bord d\u2019une claire fontaine<\/em> ou <em>Enfin la beaut\u00e9 que j\u2019adore me fait cognoistre en son retour<\/em>, Laurence Pouderoux et Morgan Marqui\u00e9 ont transport\u00e9 l\u2019auditoire avec un talent rare. Ils ont ainsi fait revivre ces harmonies subtiles qui, en leur temps, avaient d\u00e9j\u00e0 charm\u00e9 la cour sous la R\u00e9gence de Marie de M\u00e9dicis.<\/p>\n\n\n\n<p><\/p>\n","protected":false},"excerpt":{"rendered":"<p>Splendeur et d\u00e9licatesse du luth et de la voix\u00a0! Le programme, d\u2019une remarquable richesse, a altern\u00e9 les pi\u00e8ces pour luth issues de ce premier livre de Robert Ballard \u2014 telles que le Ballet de la Reyne, le Ballet des esclaves, &hellip; <a href=\"https:\/\/lescheminsdemusique.fr\/index.php\/9-fevrier-2026-ensemble-la-quinta-pars\/\">Continuer la lecture <span class=\"meta-nav\">&rarr;<\/span><\/a><\/p>\n","protected":false},"author":4,"featured_media":0,"parent":0,"menu_order":0,"comment_status":"closed","ping_status":"closed","template":"","meta":{"footnotes":""},"class_list":["post-8966","page","type-page","status-publish","hentry"],"_links":{"self":[{"href":"https:\/\/lescheminsdemusique.fr\/index.php\/wp-json\/wp\/v2\/pages\/8966","targetHints":{"allow":["GET"]}}],"collection":[{"href":"https:\/\/lescheminsdemusique.fr\/index.php\/wp-json\/wp\/v2\/pages"}],"about":[{"href":"https:\/\/lescheminsdemusique.fr\/index.php\/wp-json\/wp\/v2\/types\/page"}],"author":[{"embeddable":true,"href":"https:\/\/lescheminsdemusique.fr\/index.php\/wp-json\/wp\/v2\/users\/4"}],"replies":[{"embeddable":true,"href":"https:\/\/lescheminsdemusique.fr\/index.php\/wp-json\/wp\/v2\/comments?post=8966"}],"version-history":[{"count":2,"href":"https:\/\/lescheminsdemusique.fr\/index.php\/wp-json\/wp\/v2\/pages\/8966\/revisions"}],"predecessor-version":[{"id":9014,"href":"https:\/\/lescheminsdemusique.fr\/index.php\/wp-json\/wp\/v2\/pages\/8966\/revisions\/9014"}],"wp:attachment":[{"href":"https:\/\/lescheminsdemusique.fr\/index.php\/wp-json\/wp\/v2\/media?parent=8966"}],"curies":[{"name":"wp","href":"https:\/\/api.w.org\/{rel}","templated":true}]}}